{"id":20,"date":"2020-03-25T03:32:19","date_gmt":"2020-03-25T03:32:19","guid":{"rendered":"https:\/\/helpocharity.artureanec.com\/?page_id=20"},"modified":"2020-03-25T03:32:19","modified_gmt":"2020-03-25T03:32:19","slug":"blog","status":"publish","type":"page","link":"https:\/\/ngc-world.com\/?page_id=20","title":{"rendered":"Blog"},"content":{"rendered":"\t\t<div data-elementor-type=\"wp-page\" data-elementor-id=\"20\" class=\"elementor elementor-20\">\n\t\t\t\t\t\t<section class=\"elementor-section elementor-top-section elementor-element elementor-element-5bd9e9db elementor-section-stretched elementor-section-boxed elementor-section-height-default elementor-section-height-default\" data-id=\"5bd9e9db\" data-element_type=\"section\" data-settings=\"{&quot;stretch_section&quot;:&quot;section-stretched&quot;,&quot;background_background&quot;:&quot;classic&quot;}\">\n\t\t\t\t\t\t\t<div class=\"elementor-background-overlay\"><\/div>\n\t\t\t\t\t\t\t<div class=\"elementor-container elementor-column-gap-default\">\n\t\t\t\t\t<div class=\"elementor-column elementor-col-100 elementor-top-column elementor-element elementor-element-1ead66fa\" data-id=\"1ead66fa\" data-element_type=\"column\">\n\t\t\t<div class=\"elementor-widget-wrap elementor-element-populated\">\n\t\t\t\t\t\t<div class=\"elementor-element elementor-element-3543dd7e elementor-widget elementor-widget-helpo_blog_listing\" data-id=\"3543dd7e\" data-element_type=\"widget\" data-widget_type=\"helpo_blog_listing.default\">\n\t\t\t\t<div class=\"elementor-widget-container\">\n\t\t\t\n        <div class=\"helpo_blog_listing_widget\">\n            <div class=\"helpo_blog_listing_wrapper\">\n                                        <div class=\"helpo_blog_listing_row \">\n                                                            <div class=\"helpo_blog_listing_item helpo_blog_item_1\">\n                                <div class=\"helpo_blog_item_wrapper\">\n                                                                            <div class=\"helpo_image_container\">\n                                            <img decoding=\"async\" src=\"https:\/\/ngc-world.com\/wp-content\/uploads\/2023\/01\/shutterstock_173135534-scaled-634x485.jpg\" alt=\"\" \/>\n\n                                            <div class=\"helpo_category_container\">\n                                                <span class=\"helpo_category\">Education emploi formation<\/span>\n                                            <\/div>\n                                        <\/div>\n\n                                        <div class=\"helpo_post_info_container\">\n                                            <h6 class=\"helpo_post_title\">\n                                                <a href=\"https:\/\/ngc-world.com\/?p=1\">Appel \u00e0 candidature<\/a>\n                                            <\/h6>\n\n                                            <p class=\"helpo_post_excerpt\">Le monde entier \u00e9voque souvent la multitude de richesse naturelle<\/p>\n\n                                            <div class=\"helpo_post_meta\">\n                                                <span class=\"helpo_post_date\">January 10, 2023<\/span>\n                                                <span class=\"helpo_post_comments_counter\">\n                                                    <svg class=\"icon\">\n                                                        <svg viewBox=\"0 0 510 510\" id=\"comment-94681\" xmlns=\"http:\/\/www.w3.org\/2000\/svg\">\n                                                            <path d=\"M459 0H51C22.95 0 0 22.95 0 51v459l102-102h357c28.05 0 51-22.95 51-51V51c0-28.05-22.95-51-51-51z\"><\/path>\n                                                        <\/svg>\n                                                    <\/svg>\n                                                    1                                                <\/span>\n                                            <\/div>\n                                        <\/div>\n                                                                        <\/div>\n                            <\/div>\n                                                        <div class=\"helpo_blog_listing_item helpo_blog_item_2\">\n                                <div class=\"helpo_blog_item_wrapper\">\n                                    \n                                        <div class=\"helpo_blog_item_container\" style=\"background: url('https:\/\/ngc-world.com\/wp-content\/uploads\/2020\/03\/p2g-1267x890.jpg')\">\n                                            <div class=\"helpo_overlay\"><\/div>\n\n                                            <div class=\"helpo_post_info_container\">\n                                                <div class=\"helpo_post_content\">\n                                                    <div class=\"helpo_category_container\">\n                                                <span class=\"helpo_category\">Education emploi formation<\/span>\n                                            <\/div>\n\n                                                    <h6 class=\"helpo_post_title\">\n                                                        <a href=\"https:\/\/ngc-world.com\/?p=95\">Le dangereux parcours  du peut \u00eatre<\/a>\n                                                    <\/h6>\n\n                                                    <p class=\"helpo_post_excerpt\">Les populations afro descendantes qui migrent vers le nord\u00a0 par leur propre moyens , sont\u00a0 \u00a0confront\u00e9s \u00e0 des difficult\u00e9s qu&#039;on ne\u00a0 pr\u00e9sente plus .<\/p>\n                                                <\/div>\n\n                                                <div class=\"helpo_post_meta\">\n                                                    <span class=\"helpo_post_date\">March 27, 2020<\/span>\n                                                    <span class=\"helpo_post_comments_counter\">\n                                                        <svg class=\"icon\">\n                                                            <svg viewBox=\"0 0 510 510\" id=\"comment-36632\" xmlns=\"http:\/\/www.w3.org\/2000\/svg\">\n                                                                <path d=\"M459 0H51C22.95 0 0 22.95 0 51v459l102-102h357c28.05 0 51-22.95 51-51V51c0-28.05-22.95-51-51-51z\"><\/path>\n                                                            <\/svg>\n                                                        <\/svg>\n                                                        0                                                    <\/span>\n                                                <\/div>\n                                            <\/div>\n                                        <\/div>\n                                                                        <\/div>\n                            <\/div>\n                                                    <\/div>\n                                                <div class=\"helpo_blog_listing_row \">\n                                                            <div class=\"helpo_blog_listing_item helpo_blog_item_3\">\n                                <div class=\"helpo_blog_item_wrapper\">\n                                    \n                                        <div class=\"helpo_blog_item_container\" style=\"background: url('https:\/\/ngc-world.com\/wp-content\/uploads\/2020\/03\/3DBJAORNBBFAJOVM32LZPFIFZ4-1267x890.jpg')\">\n                                            <div class=\"helpo_overlay\"><\/div>\n\n                                            <div class=\"helpo_post_info_container\">\n                                                <div class=\"helpo_post_content\">\n                                                    <div class=\"helpo_category_container\">\n                                                <span class=\"helpo_category\">Logement<\/span>\n                                            <\/div>\n\n                                                    <h6 class=\"helpo_post_title\">\n                                                        <a href=\"https:\/\/ngc-world.com\/?p=92\">Le grave probl\u00e8me du manque de logement dans le monde<\/a>\n                                                    <\/h6>\n\n                                                    <p class=\"helpo_post_excerpt\">\u00ab Logement abordable et syst\u00e8mes de protection sociale pour tous pour lutter contre le probl\u00e8me des sans-abri \u00bb<\/p>\n                                                <\/div>\n\n                                                <div class=\"helpo_post_meta\">\n                                                    <span class=\"helpo_post_date\">March 27, 2020<\/span>\n                                                    <span class=\"helpo_post_comments_counter\">\n                                                        <svg class=\"icon\">\n                                                            <svg viewBox=\"0 0 510 510\" id=\"comment-44807\" xmlns=\"http:\/\/www.w3.org\/2000\/svg\">\n                                                                <path d=\"M459 0H51C22.95 0 0 22.95 0 51v459l102-102h357c28.05 0 51-22.95 51-51V51c0-28.05-22.95-51-51-51z\"><\/path>\n                                                            <\/svg>\n                                                        <\/svg>\n                                                        0                                                    <\/span>\n                                                <\/div>\n                                            <\/div>\n                                        <\/div>\n                                                                        <\/div>\n                            <\/div>\n                                                        <div class=\"helpo_blog_listing_item helpo_blog_item_4\">\n                                <div class=\"helpo_blog_item_wrapper\">\n                                                                            <div class=\"helpo_image_container\">\n                                            <img decoding=\"async\" src=\"https:\/\/ngc-world.com\/wp-content\/uploads\/2020\/03\/bouf-634x485.jpg\" alt=\"\" \/>\n\n                                            <div class=\"helpo_category_container\">\n                                                <span class=\"helpo_category\">Alimentation<\/span>\n                                            <\/div>\n                                        <\/div>\n\n                                        <div class=\"helpo_post_info_container\">\n                                            <h6 class=\"helpo_post_title\">\n                                                <a href=\"https:\/\/ngc-world.com\/?p=89\">Le si lourd et vital panier de l&#8217;alimentation<\/a>\n                                            <\/h6>\n\n                                            <p class=\"helpo_post_excerpt\">Nous vivons dans un monde de contraste, o\u00f9 le gaspillage cohabite ais\u00e9ment avec la difficult\u00e9s qu&#039;on les ge<\/p>\n\n                                            <div class=\"helpo_post_meta\">\n                                                <span class=\"helpo_post_date\">March 27, 2020<\/span>\n                                                <span class=\"helpo_post_comments_counter\">\n                                                    <svg class=\"icon\">\n                                                        <svg viewBox=\"0 0 510 510\" id=\"comment-17400\" xmlns=\"http:\/\/www.w3.org\/2000\/svg\">\n                                                            <path d=\"M459 0H51C22.95 0 0 22.95 0 51v459l102-102h357c28.05 0 51-22.95 51-51V51c0-28.05-22.95-51-51-51z\"><\/path>\n                                                        <\/svg>\n                                                    <\/svg>\n                                                    0                                                <\/span>\n                                            <\/div>\n                                        <\/div>\n                                                                        <\/div>\n                            <\/div>\n                                                    <\/div>\n                                                <div class=\"helpo_blog_listing_row helpo_blog_listing_third_row\">\n                                                            <div class=\"helpo_blog_listing_item helpo_blog_item_5\">\n                                <div class=\"helpo_blog_item_wrapper\">\n                                                                            <div class=\"helpo_image_container\">\n                                            <img decoding=\"async\" src=\"https:\/\/ngc-world.com\/wp-content\/uploads\/2020\/03\/p2g-634x485.jpg\" alt=\"\" \/>\n\n                                            <div class=\"helpo_category_container\">\n                                                <span class=\"helpo_category\">Sant\u00e9<\/span>\n                                            <\/div>\n                                        <\/div>\n\n                                        <div class=\"helpo_post_info_container\">\n                                            <h6 class=\"helpo_post_title\">\n                                                <a href=\"https:\/\/ngc-world.com\/?p=86\">Le dangereux parcours du peut \u00eatre<\/a>\n                                            <\/h6>\n\n                                            <p class=\"helpo_post_excerpt\">Les populations afro descendantes qui migrent vers le nord\u00a0 par leur propre moyens , sont\u00a0 \u00a0confront\u00e9s \u00e0 <\/p>\n\n                                            <div class=\"helpo_post_meta\">\n                                                <span class=\"helpo_post_date\">March 27, 2020<\/span>\n                                                <span class=\"helpo_post_comments_counter\">\n                                                    <svg class=\"icon\">\n                                                        <svg viewBox=\"0 0 510 510\" id=\"comment-38156\" xmlns=\"http:\/\/www.w3.org\/2000\/svg\">\n                                                            <path d=\"M459 0H51C22.95 0 0 22.95 0 51v459l102-102h357c28.05 0 51-22.95 51-51V51c0-28.05-22.95-51-51-51z\"><\/path>\n                                                        <\/svg>\n                                                    <\/svg>\n                                                    0                                                <\/span>\n                                            <\/div>\n                                        <\/div>\n                                                                        <\/div>\n                            <\/div>\n                                        <\/div>\n\n                            <div class=\"helpo_pagination\">\n                                    <\/div>\n                        <\/div>\n        \t\t<\/div>\n\t\t\t\t<\/div>\n\t\t\t\t\t<\/div>\n\t\t<\/div>\n\t\t\t\t\t<\/div>\n\t\t<\/section>\n\t\t\t\t<\/div>\n\t\t","protected":false},"excerpt":{"rendered":"","protected":false},"author":1,"featured_media":98,"parent":0,"menu_order":0,"comment_status":"closed","ping_status":"closed","template":"","meta":{"_monsterinsights_skip_tracking":false,"_monsterinsights_sitenote_active":false,"_monsterinsights_sitenote_note":"","_monsterinsights_sitenote_category":0,"footnotes":""},"aioseo_notices":[],"_links":{"self":[{"href":"https:\/\/ngc-world.com\/index.php?rest_route=\/wp\/v2\/pages\/20"}],"collection":[{"href":"https:\/\/ngc-world.com\/index.php?rest_route=\/wp\/v2\/pages"}],"about":[{"href":"https:\/\/ngc-world.com\/index.php?rest_route=\/wp\/v2\/types\/page"}],"author":[{"embeddable":true,"href":"https:\/\/ngc-world.com\/index.php?rest_route=\/wp\/v2\/users\/1"}],"replies":[{"embeddable":true,"href":"https:\/\/ngc-world.com\/index.php?rest_route=%2Fwp%2Fv2%2Fcomments&post=20"}],"version-history":[{"count":0,"href":"https:\/\/ngc-world.com\/index.php?rest_route=\/wp\/v2\/pages\/20\/revisions"}],"wp:featuredmedia":[{"embeddable":true,"href":"https:\/\/ngc-world.com\/index.php?rest_route=\/wp\/v2\/media\/98"}],"wp:attachment":[{"href":"https:\/\/ngc-world.com\/index.php?rest_route=%2Fwp%2Fv2%2Fmedia&parent=20"}],"curies":[{"name":"wp","href":"https:\/\/api.w.org\/{rel}","templated":true}]}}